r of 13 and j.
13
Suppose 173*y + 240*y - 149*y - 1852752 = 0. Calculate the highest common divisor of y and 968.
242
Suppose 0 = -5*u + 5*d + 120, d + 1 = 5. Let q = 4 + u. Let w(b) = -3*b**3 - 3*b**2 + 5*b + 4. Let m be w(-4). Calculate the greatest common divisor of m and q.
32
Suppose -31 = 5*c - 131. Suppose -2*y + 212 = 5*b, b - 252 = -2*y + 6*b. Let f = 146 - y. What is the greatest common divisor of c and f?
10
Suppose 693 - 9 = 2*x. Calculate the highest common factor of x and 36.
18
Suppose -4*i + 240 = -2*l, 2*l + 59 = i + l. Suppose -57*y + i*y - 80 = 0. What is the highest common divisor of 130 and y?
10
Let p be 72/20 + (-2)/(-5). Let z = 812 - 758. Suppose 5*b - z = -3*l, 3*b - 36 = -2*l + p*b. What is the highest common factor of l and 144?
18
Let o be -252*4*2/(-6). Suppose 2*g - 2*x + 8 = 22, -4*g - 4*x = -36. Suppose -g*z + 76 = -260. Calculate the greatest common factor of z and o.
42
Let t(u) = 2*u**3 - 32*u**2 + 153*u - 21. Let d be t(12). What is the greatest common factor of 1768 and d?
221
Suppose -177*i = -171*i - 1020. Calculate the highest common factor of i and 68.
34
Suppose -346*s + 1558 = -314*s - 7178. Calculate the highest common factor of 897 and s.
39
Let k(p) = -p**3 - 3*p**2 + 4*p + 9. Let o be k(-6). Suppose 4*z + 13 = o. Let r(v) = v + 4. Let u be r(4). Calculate the highest common divisor of z and u.
4
Suppose -26*h + u = -31*h + 207, 4*u - 30 = -h. Calculate the highest common factor of 2058 and h.
42
Suppose 14*s + 72 = 226. What is the highest common divisor of s and 385?
11
Let w = -1851 + 2066. What is the highest common divisor of 86 and w?
43
Suppose -412 - 83 = -5*c. Calculate the highest common factor of 1155 and c.
33
Let d(t) = t**2 + 14*t - 28. Let k be d(-16). Let i(l) = 2*l**3 + 2*l + 18. Let g be i(k). What is the greatest common divisor of 88 and g?
22
Suppose 18*u - 3161 - 17404 = 10125. What is the greatest common factor of 620 and u?
155
Let j be 4 + -4 + (-6)/(-2). Suppose 0 = -5*l + 4*u + 138, -2*u + 49 = 2*l + 1. Let p be (l/4 + -5)*38/j. What is the greatest common divisor of 209 and p?
19
Let z = -1177 - -1309. Let h = 28 + -16. What is the highest common divisor of h and z?
12
Suppose 88*n - 1488 = 90*n. Let q be n/(-18) + 2/3. Let m be 2 + (-248)/(2/(-1)). Calculate the greatest common divisor of q and m.
42
Suppose -5*i = -5*p - 10, 157 - 122 = 5*i. What is the greatest common factor of 301 and p?
1
Suppose -1375 = -32*o - 255. Suppose 0 = o*j - 26*j - 54. Calculate the greatest common divisor of j and 66.
6
Let c be (-2)/(3*3/(-27)). Suppose 38 = -2*t + c. Let u = -4 - t. Calculate the greatest common factor of 18 and u.
6
Suppose 3*p + 19*j - 22*j - 9468 = 0, -4*p - 5*j = -12615. Calculate the greatest common divisor of 5 and p.
5
Let p be 112/(-7)*741/(-2). Calculate the highest common factor of p and 247.
247
Suppose 1507 = -22*k + 33*k. Suppose -263 = -16*c + k. What is the greatest common divisor of 475 and c?
25
Suppose 0 = 23*s - 746 + 545 - 2191. What is the highest common factor of 1092 and s?
52
Suppose 5 = -t, 2*s + 3*s - 25 = 2*t. Calculate the highest common factor of s and 2298.
3
Let u(m) = m**2 - 5*m - 13. Let o(j) = j**2 + 10*j + 29. Let f be o(-7). Let g be u(f). Calculate the highest common divisor of 22 and g.
11
Let r be (-110)/(-33)*(2 - -37). Let a = -90 + r. What is the greatest common factor of 110 and a?
10
Let i be -16 + 3965/26 - (-15)/10. Calculate the greatest common factor of 2806 and i.
46
Let g(u) = 256*u**3 + u**2 - 31*u + 57. Let c be g(2). What is the greatest common divisor of c and 69?
23
Suppose -4*r = -k - 0 - 4, -2*k + 2 = 2*r. Let v be 18*(1/2 + k). Suppose -v*o + 25 = -2. What is the greatest common factor of 2 and o?
1
Let g = 17740 - 17500. What is the greatest common factor of g and 1860?
60
Suppose a - 34 = -0*r - r, -4*a - 20 = 0. Suppose 72*f - 13903 = 8561. What is the highest common factor of f and r?
39
Let p(c) = -1 - 4*c**2 + 135*c - c**3 - 138*c - 4. Suppose -4*f - 6 - 11 = -t, 4*f + 32 = -4*t. Let m be p(f). What is the greatest common divisor of m and 35?
35
Suppose -3 = 5*f - 4*f. Let a be (-2)/(f*(-4)/(-24)). Suppose -4 = -4*m + a*s, -2*m + 24 = m + 4*s. What is the greatest common factor of 32 and m?
4
Let n = 81 + -88. Let r be n/((-147)/455)*3. What is the greatest common divisor of 13 and r?
13
Suppose 44 - 44 = 25*q. Let y = 31 + 0. Suppose q = -3*p + y + 131. Calculate the greatest common factor of p and 36.
18
Let l(m) = -2*m**2 - 32*m + 17. Let w be l(-16). Suppose 14*s - 3470 = 2480. What is the highest common factor of w and s?
17
Let u = 112 + -89. Suppose -6*n + 67 = -u. What is the highest common divisor of n and 215?
5
Let t = 0 - -30. Let k be 328/287 + (-66)/63*705/(-10). What is the greatest common divisor of t and k?
15
Let q(l) = -308*l. Let i be q(-1). Suppose 0 = 153*p - 129*p - 672. What is the greatest common factor of p and i?
28
Suppose 10*k - 5*k + 4*o = -8, 4*k - 4*o = 8. Let x(v) = k*v**2 + 2*v**2 + 32*v + 21 - 24*v. Let c be x(-7). Calculate the highest common factor of 189 and c.
63
Let k be 24/972*9 + (-106)/(-9). What is the highest common factor of 15564 and k?
12
Let g be -4 + 16 + -8 - (-1248)/3. Calculate the highest common factor of 315 and g.
105
Suppose 3*h - 13743 = 28944. Calculate the highest common factor of 17 and h.
17
Let f(g) = -5*g**2 - 94*g + 23. Let j be f(-19). Suppose -5*a = 5*u - 570, -j*a = -8*a - 8. What is the highest common factor of u and 4?
4
Let t be (-6)/(-8)*(-16)/(-3). Suppose t*w - 109 = -1. Calculate the greatest common factor of w and 135.
27
Let y be (-7 - 36/(-8))/((10 + -3)/(-28)). What is the greatest common factor of y and 3525?
5
Suppose -2*t + 5*t = -3*s - 1218, -2*t = -4*s - 1630. Let f be 22/(-1)*12/1. Let u = f - s. What is the greatest common divisor of 13 and u?
13
Suppose -3*c + 4*l = -1904, 378*c - 379*c = 2*l - 628. Let h be (83 + -4)*(-1 - -2). Calculate the highest common divisor of h and c.
79
Suppose 115*r - 472800 = 91*r. Calculate the greatest common factor of 50 and r.
50
Suppose 3*k + 0*k = -5*r - 24, -r + 2 = 4*k. Let z = r - -50. Let m = 49 - z. Calculate the highest common divisor of 5 and m.
5
Let b(y) = -133*y + 254. Let s be b(-2). Calculate the highest common divisor of s and 468.
52
Let d(z) = -5819*z**2 - 23289*z + 6. Let s be d(-4). Suppose 0 = -0*q + q. Suppose q = -5*i - 171 + 606. Calculate the greatest common divisor of i and s.
29
Suppose -409 = -4*i - w, -17*w + 21*w - 36 = 0. Let x = -32 - -107. Calculate the greatest common divisor of i and x.
25
Let d be ((-54)/(-8))/((-2)/(-8)). Suppose r + 1381 = 3*c, -c - 3*c + 2*r = -1844. Calculate the greatest common divisor of d and c.
27
Let f be 61385/55 - (-26)/(-286). Calculate the greatest common factor of f and 18.
18
Let v = -38204 - -38230. What is the greatest common factor of v and 3146?
26
Suppose -33 = 2*s - 4*s - 5*x, 2*s - 3 = x. Let f = 17061 - 16825. What is the greatest common divisor of f and s?
4
Let w be -1 - (-1 - 1) - (40 + 11). Let c be ((-238)/170)/(-2 - 98/w). What is the highest common factor of c and 14?
7
Let g = 23764 - 23749. Calculate the highest common divisor of g and 4915.
5
Let w(n) = 18*n**2 + 155*n - 598. Let s be w(-40). What is the highest common factor of s and 114?
114
Let v(k) = 60*k**3 + 3 - 31*k**3 - 28*k**3 - 8*k**2. Let t be v(8). Calculate the highest common divisor of t and 75.
3
Let f = -70 - 278. Let i be 1 + (1/(-2))/(6/f). Suppose o = 4*t + 4*o - 30, 4 = -t + 5*o. What is the highest common factor of i and t?
6
Suppose 25*u = -18*u + 1161. Suppose 28*a - u*a = -z + 193, 0 = -2*z + 4*a + 362. Calculate the greatest common divisor of 126 and z.
63
Let r = 46972 - 46942. Calculate the greatest common divisor of r and 39030.
30
Suppose -7*f = -6*f - 126. Suppose 0 = 5*y + 3*k + 83, 5*k - 40 - 19 = 4*y. Let c = y - -30. Calculate the highest common divisor of f and c.
14
Let w(h) = h**2 + 21*h + 50. Let f be w(-31). What is the greatest common divisor of f and 80?
40
Let v = 84 - 58. Let q = 66 - v. Let a(x) = -16*x - 76. Let f be a(-11). What is the greatest common divisor of f and q?
20
Let c = -25696 - -25777. Suppose z + 5 + 8 = 3*l, 18 = 2*l - 3*z. What is the greatest common divisor of c and l?
3
Let c = 11592 + -1